{"id":7,"date":"2023-02-09T09:33:28","date_gmt":"2023-02-09T06:33:28","guid":{"rendered":"https:\/\/afetportal.com\/?page_id=7"},"modified":"2023-05-07T05:00:11","modified_gmt":"2023-05-07T02:00:11","slug":"anasayfa","status":"publish","type":"page","link":"https:\/\/afetportal.com\/","title":{"rendered":""},"content":{"rendered":"\t\t<div data-elementor-type=\"wp-post\" data-elementor-id=\"7\" class=\"elementor elementor-7\">\n\t\t\t\t\t\t\t\t\t<section data-particle_enable=\"false\" data-particle-mobile-disabled=\"false\" class=\"elementor-section elementor-top-section elementor-element elementor-element-ef5b7d2 elementor-section-boxed elementor-section-height-default elementor-section-height-default\" data-id=\"ef5b7d2\" data-element_type=\"section\">\n\t\t\t\t\t\t<div class=\"elementor-container elementor-column-gap-default\">\n\t\t\t\t\t<div class=\"elementor-column elementor-col-50 elementor-top-column elementor-element elementor-element-ba12ec9\" data-id=\"ba12ec9\" data-element_type=\"column\">\n\t\t\t<div class=\"elementor-widget-wrap elementor-element-populated\">\n\t\t\t\t\t\t\t\t<div class=\"elementor-element elementor-element-81726ce elementor-widget elementor-widget-heading\" data-id=\"81726ce\" data-element_type=\"widget\" data-widget_type=\"heading.default\">\n\t\t\t\t<div class=\"elementor-widget-container\">\n\t\t\t<style>\/*! elementor - v3.10.2 - 29-01-2023 *\/\n.elementor-heading-title{padding:0;margin:0;line-height:1}.elementor-widget-heading .elementor-heading-title[class*=elementor-size-]>a{color:inherit;font-size:inherit;line-height:inherit}.elementor-widget-heading .elementor-heading-title.elementor-size-small{font-size:15px}.elementor-widget-heading .elementor-heading-title.elementor-size-medium{font-size:19px}.elementor-widget-heading .elementor-heading-title.elementor-size-large{font-size:29px}.elementor-widget-heading .elementor-heading-title.elementor-size-xl{font-size:39px}.elementor-widget-heading .elementor-heading-title.elementor-size-xxl{font-size:59px}<\/style><h2 class=\"elementor-heading-title elementor-size-default\">Acil<\/h2>\t\t<\/div>\n\t\t\t\t<\/div>\n\t\t\t\t<div class=\"elementor-element elementor-element-863a330 elementor-widget elementor-widget-eael-creative-button\" data-id=\"863a330\" data-element_type=\"widget\" data-widget_type=\"eael-creative-button.default\">\n\t\t\t\t<div class=\"elementor-widget-container\">\n\t\t\t        <div class=\"eael-creative-button-wrapper\">\n\n            <a class=\"eael-creative-button eael-creative-button--default\" href=\"https:\/\/deprem.io\" data-text=\"Deneme 123\">\n\n\t    \n                <div class=\"creative-button-inner\">\n\n                                            <span class=\"eael-creative-button-icon-left\"><i aria-hidden=\"true\" class=\"fas fa-user-injured\"><\/i><\/span>                    \n                    <span class=\"cretive-button-text\">Ben \/ Tand\u0131\u011f\u0131m Enkazda<\/span>\n\n                                    <\/div>\n\t                        <\/a>\n        <\/div>\n\t\t<\/div>\n\t\t\t\t<\/div>\n\t\t\t\t<div class=\"elementor-element elementor-element-5cc20f5 elementor-widget elementor-widget-eael-creative-button\" data-id=\"5cc20f5\" data-element_type=\"widget\" data-widget_type=\"eael-creative-button.default\">\n\t\t\t\t<div class=\"elementor-widget-container\">\n\t\t\t        <div class=\"eael-creative-button-wrapper\">\n\n            <a class=\"eael-creative-button eael-creative-button--default\" href=\"https:\/\/deprem.io\/\" data-text=\"Deneme 123\">\n\n\t    \n                <div class=\"creative-button-inner\">\n\n                                            <span class=\"eael-creative-button-icon-left\"><svg xmlns=\"http:\/\/www.w3.org\/2000\/svg\" xmlns:xlink=\"http:\/\/www.w3.org\/1999\/xlink\" id=\"Layer_1\" x=\"0px\" y=\"0px\" viewBox=\"0 0 122.88 115.21\" style=\"enable-background:new 0 0 122.88 115.21\" xml:space=\"preserve\"><g><path d=\"M29.03,100.46l20.79-25.21l9.51,12.13L41,110.69C33.98,119.61,20.99,110.21,29.03,100.46L29.03,100.46z M53.31,43.05 c1.98-6.46,1.07-11.98-6.37-20.18L28.76,1c-2.58-3.03-8.66,1.42-6.12,5.09L37.18,24c2.75,3.34-2.36,7.76-5.2,4.32L16.94,9.8 c-2.8-3.21-8.59,1.03-5.66,4.7c4.24,5.1,10.8,13.43,15.04,18.53c2.94,2.99-1.53,7.42-4.43,3.69L6.96,18.32 c-2.19-2.38-5.77-0.9-6.72,1.88c-1.02,2.97,1.49,5.14,3.2,7.34L20.1,49.06c5.17,5.99,10.95,9.54,17.67,7.53 c1.03-0.31,2.29-0.94,3.64-1.77l44.76,57.78c2.41,3.11,7.06,3.44,10.08,0.93l0.69-0.57c3.4-2.83,3.95-8,1.04-11.34L50.58,47.16 C51.96,45.62,52.97,44.16,53.31,43.05L53.31,43.05z M65.98,55.65l7.37-8.94C63.87,23.21,99-8.11,116.03,6.29 C136.72,23.8,105.97,66,84.36,55.57l-8.73,11.09L65.98,55.65L65.98,55.65z\"><\/path><\/g><\/svg><\/span>                    \n                    <span class=\"cretive-button-text\">\u200e \u200e \u200e \u200e G\u0131daya \u0130htiyac\u0131m Var\u200e \u200e \u200e \u200e <\/span>\n\n                                    <\/div>\n\t                        <\/a>\n        <\/div>\n\t\t<\/div>\n\t\t\t\t<\/div>\n\t\t\t\t<div class=\"elementor-element elementor-element-dd980df elementor-widget elementor-widget-eael-creative-button\" data-id=\"dd980df\" data-element_type=\"widget\" data-widget_type=\"eael-creative-button.default\">\n\t\t\t\t<div class=\"elementor-widget-container\">\n\t\t\t        <div class=\"eael-creative-button-wrapper\">\n\n            <a class=\"eael-creative-button eael-creative-button--default\" href=\"https:\/\/deprem.io\/\" data-text=\"Deneme 123\">\n\n\t    \n                <div class=\"creative-button-inner\">\n\n                                            <span class=\"eael-creative-button-icon-left\"><i aria-hidden=\"true\" class=\"fas fa-fire-alt\"><\/i><\/span>                    \n                    <span class=\"cretive-button-text\">\u200e \u200e \u200e \u200e Is\u0131nmaya \u0130htiyac\u0131m Var\u200e \u200e \u200e \u200e <\/span>\n\n                                    <\/div>\n\t                        <\/a>\n        <\/div>\n\t\t<\/div>\n\t\t\t\t<\/div>\n\t\t\t\t<div class=\"elementor-element elementor-element-22d42c4 elementor-widget elementor-widget-text-editor\" data-id=\"22d42c4\" data-element_type=\"widget\" data-widget_type=\"text-editor.default\">\n\t\t\t\t<div class=\"elementor-widget-container\">\n\t\t\t<style>\/*! elementor - v3.10.2 - 29-01-2023 *\/\n.elementor-widget-text-editor.elementor-drop-cap-view-stacked .elementor-drop-cap{background-color:#818a91;color:#fff}.elementor-widget-text-editor.elementor-drop-cap-view-framed .elementor-drop-cap{color:#818a91;border:3px solid;background-color:transparent}.elementor-widget-text-editor:not(.elementor-drop-cap-view-default) .elementor-drop-cap{margin-top:8px}.elementor-widget-text-editor:not(.elementor-drop-cap-view-default) .elementor-drop-cap-letter{width:1em;height:1em}.elementor-widget-text-editor .elementor-drop-cap{float:left;text-align:center;line-height:1;font-size:50px}.elementor-widget-text-editor .elementor-drop-cap-letter{display:inline-block}<\/style>\t\t\t\t\t\t\t\t\t\t<\/div>\n\t\t\t\t<\/div>\n\t\t\t\t\t<\/div>\n\t\t<\/div>\n\t\t\t\t<div class=\"elementor-column elementor-col-50 elementor-top-column elementor-element elementor-element-43e2b22\" data-id=\"43e2b22\" data-element_type=\"column\">\n\t\t\t<div class=\"elementor-widget-wrap elementor-element-populated\">\n\t\t\t\t\t\t\t\t<div class=\"elementor-element elementor-element-16c0a06 elementor-widget elementor-widget-heading\" data-id=\"16c0a06\" data-element_type=\"widget\" data-widget_type=\"heading.default\">\n\t\t\t\t<div class=\"elementor-widget-container\">\n\t\t\t<h2 class=\"elementor-heading-title elementor-size-default\">Bilgi Toplama<\/h2>\t\t<\/div>\n\t\t\t\t<\/div>\n\t\t\t\t<div class=\"elementor-element elementor-element-5ffd3df elementor-widget elementor-widget-eael-creative-button\" data-id=\"5ffd3df\" data-element_type=\"widget\" data-widget_type=\"eael-creative-button.default\">\n\t\t\t\t<div class=\"elementor-widget-container\">\n\t\t\t        <div class=\"eael-creative-button-wrapper\">\n\n            <a class=\"eael-creative-button eael-creative-button--default\" data-text=\"Deneme 123\">\n\n\t    \n                <div class=\"creative-button-inner\">\n\n                                            <span class=\"eael-creative-button-icon-left\"><i aria-hidden=\"true\" class=\"fas fa-home\"><\/i><\/span>                    \n                    <span class=\"cretive-button-text\">M\u00fcteahhit \u0130hbar<\/span>\n\n                                    <\/div>\n\t                        <\/a>\n        <\/div>\n\t\t<\/div>\n\t\t\t\t<\/div>\n\t\t\t\t<div class=\"elementor-element elementor-element-2a03f5a elementor-widget elementor-widget-text-editor\" data-id=\"2a03f5a\" data-element_type=\"widget\" data-widget_type=\"text-editor.default\">\n\t\t\t\t<div class=\"elementor-widget-container\">\n\t\t\t\t\t\t\t<p>\u0130hmal edildi\u011fi d\u00fc\u015f\u00fcn\u00fclen binalar\u0131 ve yapan ki\u015fileri bir yerde toplamak ama\u00e7l\u0131d\u0131r.<\/p><p>Unactivated<\/p>\t\t\t\t\t\t<\/div>\n\t\t\t\t<\/div>\n\t\t\t\t<div class=\"elementor-element elementor-element-21509ab elementor-widget elementor-widget-eael-creative-button\" data-id=\"21509ab\" data-element_type=\"widget\" data-widget_type=\"eael-creative-button.default\">\n\t\t\t\t<div class=\"elementor-widget-container\">\n\t\t\t        <div class=\"eael-creative-button-wrapper\">\n\n            <a class=\"eael-creative-button eael-creative-button--default\" data-text=\"Deneme 123\">\n\n\t    \n                <div class=\"creative-button-inner\">\n\n                                            <span class=\"eael-creative-button-icon-left\"><i aria-hidden=\"true\" class=\"far fa-user\"><\/i><\/span>                    \n                    <span class=\"cretive-button-text\">Vefat Bildirme<\/span>\n\n                                    <\/div>\n\t                        <\/a>\n        <\/div>\n\t\t<\/div>\n\t\t\t\t<\/div>\n\t\t\t\t<div class=\"elementor-element elementor-element-1bad982 elementor-widget elementor-widget-text-editor\" data-id=\"1bad982\" data-element_type=\"widget\" data-widget_type=\"text-editor.default\">\n\t\t\t\t<div class=\"elementor-widget-container\">\n\t\t\t\t\t\t\t<p>Unactivated<\/p>\t\t\t\t\t\t<\/div>\n\t\t\t\t<\/div>\n\t\t\t\t\t<\/div>\n\t\t<\/div>\n\t\t\t\t\t\t\t<\/div>\n\t\t<\/section>\n\t\t\t\t<section data-particle_enable=\"false\" data-particle-mobile-disabled=\"false\" class=\"elementor-section elementor-top-section elementor-element elementor-element-1dcb8cc elementor-section-boxed elementor-section-height-default elementor-section-height-default\" data-id=\"1dcb8cc\" data-element_type=\"section\">\n\t\t\t\t\t\t<div class=\"elementor-container elementor-column-gap-default\">\n\t\t\t\t\t<div class=\"elementor-column elementor-col-100 elementor-top-column elementor-element elementor-element-355da08\" data-id=\"355da08\" data-element_type=\"column\">\n\t\t\t<div class=\"elementor-widget-wrap elementor-element-populated\">\n\t\t\t\t\t\t\t\t<div class=\"elementor-element elementor-element-e94e630 elementor-widget elementor-widget-heading\" data-id=\"e94e630\" data-element_type=\"widget\" data-widget_type=\"heading.default\">\n\t\t\t\t<div class=\"elementor-widget-container\">\n\t\t\t<h2 class=\"elementor-heading-title elementor-size-xl\">Haritalar<\/h2>\t\t<\/div>\n\t\t\t\t<\/div>\n\t\t\t\t\t<\/div>\n\t\t<\/div>\n\t\t\t\t\t\t\t<\/div>\n\t\t<\/section>\n\t\t\t\t<section data-particle_enable=\"false\" data-particle-mobile-disabled=\"false\" class=\"elementor-section elementor-top-section elementor-element elementor-element-94d4b7d elementor-section-boxed elementor-section-height-default elementor-section-height-default\" data-id=\"94d4b7d\" data-element_type=\"section\">\n\t\t\t\t\t\t<div class=\"elementor-container elementor-column-gap-default\">\n\t\t\t\t\t<div class=\"elementor-column elementor-col-33 elementor-top-column elementor-element elementor-element-8dfb47b\" data-id=\"8dfb47b\" data-element_type=\"column\">\n\t\t\t<div class=\"elementor-widget-wrap elementor-element-populated\">\n\t\t\t\t\t\t\t\t<div class=\"elementor-element elementor-element-e217888 eael-infobox-shape-radius eael-infobox-hover-img-shape-radius eael-infobox-content-align-center elementor-widget elementor-widget-eael-info-box\" data-id=\"e217888\" data-element_type=\"widget\" data-widget_type=\"eael-info-box.default\">\n\t\t\t\t<div class=\"elementor-widget-container\">\n\t\t\t        <div class=\"eael-infobox\">\n\t            <div class=\"infobox-icon\">\n\n                            <img decoding=\"async\" src=\"https:\/\/afetportal.com\/wp-content\/uploads\/2023\/02\/https-s3.amazonaws.com-appforest_uf-f1675772433669x466558618895783550-map1.jpg\" alt=\"\">\n            \n            \n            \n        <\/div>\n            <div class=\"infobox-content\">\n                                                                        <p><p>Filtreleme \u00f6zelli\u011fine sahiptir \"A\" datas\u0131ndan beslenir<\/p><\/p>\n                                                                            <\/div>\n            <\/div>\n\n\t\t\t\t<\/div>\n\t\t\t\t<\/div>\n\t\t\t\t<div class=\"elementor-element elementor-element-8eb53b1 elementor-widget elementor-widget-eael-creative-button\" data-id=\"8eb53b1\" data-element_type=\"widget\" data-widget_type=\"eael-creative-button.default\">\n\t\t\t\t<div class=\"elementor-widget-container\">\n\t\t\t        <div class=\"eael-creative-button-wrapper\">\n\n            <a class=\"eael-creative-button eael-creative-button--default\" href=\"https:\/\/deprem.io\" data-text=\"Deneme 123\">\n\n\t    \n                <div class=\"creative-button-inner\">\n\n                                            <span class=\"eael-creative-button-icon-left\"><i aria-hidden=\"true\" class=\"fas fa-map-pin\"><\/i><\/span>                    \n                    <span class=\"cretive-button-text\">Deprem.io Haritas\u0131<\/span>\n\n                                    <\/div>\n\t                        <\/a>\n        <\/div>\n\t\t<\/div>\n\t\t\t\t<\/div>\n\t\t\t\t\t<\/div>\n\t\t<\/div>\n\t\t\t\t<div class=\"elementor-column elementor-col-33 elementor-top-column elementor-element elementor-element-9a50d40\" data-id=\"9a50d40\" data-element_type=\"column\">\n\t\t\t<div class=\"elementor-widget-wrap elementor-element-populated\">\n\t\t\t\t\t\t\t\t<div class=\"elementor-element elementor-element-9d0c058 eael-infobox-shape-radius eael-infobox-hover-img-shape-radius eael-infobox-content-align-center elementor-widget elementor-widget-eael-info-box\" data-id=\"9d0c058\" data-element_type=\"widget\" data-widget_type=\"eael-info-box.default\">\n\t\t\t\t<div class=\"elementor-widget-container\">\n\t\t\t        <div class=\"eael-infobox\">\n\t            <div class=\"infobox-icon\">\n\n                            <img decoding=\"async\" src=\"https:\/\/afetportal.com\/wp-content\/uploads\/2023\/03\/Ekran-Resmi-2023-02-09-OO-2.28.32-2-2.png\" alt=\"\">\n            \n            \n            \n        <\/div>\n            <div class=\"infobox-content\">\n                                                                        <p><p>Enkaz yo\u011funlu\u011funu g\u00f6sterir fonksiyoneldir \"B\" datas\u0131ndan beslenir<\/p><\/p>\n                                                                            <\/div>\n            <\/div>\n\n\t\t\t\t<\/div>\n\t\t\t\t<\/div>\n\t\t\t\t<div class=\"elementor-element elementor-element-5e09279 elementor-widget elementor-widget-eael-creative-button\" data-id=\"5e09279\" data-element_type=\"widget\" data-widget_type=\"eael-creative-button.default\">\n\t\t\t\t<div class=\"elementor-widget-container\">\n\t\t\t        <div class=\"eael-creative-button-wrapper\">\n\n            <a class=\"eael-creative-button eael-creative-button--default\" href=\"https:\/\/afetharita.com\" data-text=\"Deneme 123\">\n\n\t    \n                <div class=\"creative-button-inner\">\n\n                                            <span class=\"eael-creative-button-icon-left\"><i aria-hidden=\"true\" class=\"fas fa-map-marked\"><\/i><\/span>                    \n                    <span class=\"cretive-button-text\">\u200e \u200e \u200e \u200e \u200e \u200e \u200e \u200e \u200eAfet Harita\u200es\u0131 \u200e \u200e \u200e \u200e \u200e \u200e \u200e \u200e <\/span>\n\n                                    <\/div>\n\t                        <\/a>\n        <\/div>\n\t\t<\/div>\n\t\t\t\t<\/div>\n\t\t\t\t\t<\/div>\n\t\t<\/div>\n\t\t\t\t<div class=\"elementor-column elementor-col-33 elementor-top-column elementor-element elementor-element-3006538\" data-id=\"3006538\" data-element_type=\"column\">\n\t\t\t<div class=\"elementor-widget-wrap elementor-element-populated\">\n\t\t\t\t\t\t\t\t<div class=\"elementor-element elementor-element-945b421 eael-infobox-shape-radius eael-infobox-hover-img-shape-radius eael-infobox-content-align-center elementor-widget elementor-widget-eael-info-box\" data-id=\"945b421\" data-element_type=\"widget\" data-widget_type=\"eael-info-box.default\">\n\t\t\t\t<div class=\"elementor-widget-container\">\n\t\t\t        <div class=\"eael-infobox\">\n\t            <div class=\"infobox-icon\">\n\n                            <img decoding=\"async\" src=\"https:\/\/afetportal.com\/wp-content\/uploads\/2023\/02\/https-s3.amazonaws.com-appforest_uf-f1675772445666x723673481241093000-map3.jpg\" alt=\"\">\n            \n            \n            \n        <\/div>\n            <div class=\"infobox-content\">\n                                                                        <p><p>Enkazlar\u0131 g\u00f6sterir sadece g\u00f6rseldir \"C\" datas\u0131ndan beslenir<\/p><\/p>\n                                                                            <\/div>\n            <\/div>\n\n\t\t\t\t<\/div>\n\t\t\t\t<\/div>\n\t\t\t\t<div class=\"elementor-element elementor-element-5e405d1 elementor-widget elementor-widget-eael-creative-button\" data-id=\"5e405d1\" data-element_type=\"widget\" data-widget_type=\"eael-creative-button.default\">\n\t\t\t\t<div class=\"elementor-widget-container\">\n\t\t\t        <div class=\"eael-creative-button-wrapper\">\n\n            <a class=\"eael-creative-button eael-creative-button--default\" href=\"https:\/\/depremenkaz.xyz\" data-text=\"Deneme 123\">\n\n\t    \n                <div class=\"creative-button-inner\">\n\n                                            <span class=\"eael-creative-button-icon-left\"><i aria-hidden=\"true\" class=\"fas fa-map-marker-alt\"><\/i><\/span>                    \n                    <span class=\"cretive-button-text\">Deprem Enkaz Haritas\u0131<\/span>\n\n                                    <\/div>\n\t                        <\/a>\n        <\/div>\n\t\t<\/div>\n\t\t\t\t<\/div>\n\t\t\t\t\t<\/div>\n\t\t<\/div>\n\t\t\t\t\t\t\t<\/div>\n\t\t<\/section>\n\t\t\t\t<section data-particle_enable=\"false\" data-particle-mobile-disabled=\"false\" class=\"elementor-section elementor-top-section elementor-element elementor-element-26f8105 elementor-section-boxed elementor-section-height-default elementor-section-height-default\" data-id=\"26f8105\" data-element_type=\"section\">\n\t\t\t\t\t\t<div class=\"elementor-container elementor-column-gap-default\">\n\t\t\t\t\t<div class=\"elementor-column elementor-col-100 elementor-top-column elementor-element elementor-element-a4afaeb\" data-id=\"a4afaeb\" data-element_type=\"column\">\n\t\t\t<div class=\"elementor-widget-wrap\">\n\t\t\t\t\t\t\t\t\t<\/div>\n\t\t<\/div>\n\t\t\t\t\t\t\t<\/div>\n\t\t<\/section>\n\t\t\t\t\t\t\t<\/div>\n\t\t","protected":false},"excerpt":{"rendered":"<p>Acil Ben \/ Tand\u0131\u011f\u0131m Enkazda \u200e \u200e \u200e \u200e G\u0131daya \u0130htiyac\u0131m Var\u200e \u200e \u200e \u200e \u200e \u200e \u200e \u200e Is\u0131nmaya \u0130htiyac\u0131m Var\u200e \u200e \u200e \u200e Bilgi Toplama M\u00fcteahhit \u0130hbar \u0130hmal edildi\u011fi d\u00fc\u015f\u00fcn\u00fclen binalar\u0131 ve yapan ki\u015fileri bir yerde toplamak ama\u00e7l\u0131d\u0131r. Unactivated Vefat Bildirme Unactivated Haritalar Filtreleme \u00f6zelli\u011fine sahiptir &#8220;A&#8221; datas\u0131ndan beslenir Deprem.io Haritas\u0131 Enkaz yo\u011funlu\u011funu [&hellip;]<\/p>\n","protected":false},"author":1,"featured_media":0,"parent":0,"menu_order":0,"comment_status":"closed","ping_status":"closed","template":"","meta":{"footnotes":""},"class_list":["post-7","page","type-page","status-publish","hentry"],"_links":{"self":[{"href":"https:\/\/afetportal.com\/index.php\/wp-json\/wp\/v2\/pages\/7","targetHints":{"allow":["GET"]}}],"collection":[{"href":"https:\/\/afetportal.com\/index.php\/wp-json\/wp\/v2\/pages"}],"about":[{"href":"https:\/\/afetportal.com\/index.php\/wp-json\/wp\/v2\/types\/page"}],"author":[{"embeddable":true,"href":"https:\/\/afetportal.com\/index.php\/wp-json\/wp\/v2\/users\/1"}],"replies":[{"embeddable":true,"href":"https:\/\/afetportal.com\/index.php\/wp-json\/wp\/v2\/comments?post=7"}],"version-history":[{"count":63,"href":"https:\/\/afetportal.com\/index.php\/wp-json\/wp\/v2\/pages\/7\/revisions"}],"predecessor-version":[{"id":204,"href":"https:\/\/afetportal.com\/index.php\/wp-json\/wp\/v2\/pages\/7\/revisions\/204"}],"wp:attachment":[{"href":"https:\/\/afetportal.com\/index.php\/wp-json\/wp\/v2\/media?parent=7"}],"curies":[{"name":"wp","href":"https:\/\/api.w.org\/{rel}","templated":true}]}}